55 = 0. Let d(l) = 3*l**2 + 56*l + 24. What is the remainder when p is divided by d(-19)?
42
Suppose 2*f - 5*q + 7*q = 12, 4*q = 16. Suppose -f*r = -5*r - 4*g + 13, -4*r - 2*g = -24. Calculate the remainder when r is divided by 7.
0
Suppose 2047 = 28*v + 1655. Let a(b) be the first derivative of -b**3/3 + 8*b**2 - 7*b + 1. What is the remainder when a(6) is divided by v?
11
Suppose -20 = 4*j - 4, 0 = 4*o - 2*j - 20. What is the remainder when 18 is divided by o?
0
Let x(d) = -2*d - 7. Let r be x(-5). Suppose 4 = r*f - 20. Calculate the remainder when 19 is divided by f - (-3)/3*-1.
5
Suppose -3*b = -b - 28. Suppose -778*i + 400 = -768*i. What is the remainder when i is divided by b?
12
Let m be -2*(-9)/(9/2). Suppose -12 - 9 = -g - u, m*g = 5*u + 66. Calculate the remainder when g is divided by 10.
9
Let c = 131 - 31. What is the remainder when c is divided by 53?
47
Suppose -7*g + 3*g + 4 = 0, 3*p = -g + 1468. Calculate the remainder when p is divided by 82.
79
Suppose l = -2*l + 3*m + 1044, -1377 = -4*l + m. Calculate the remainder when l is divided by 15.
13
Let p = -309 - -328. Calculate the remainder when 70 is divided by p.
13
Suppose 2*m - 60 = -4. What is the remainder when 50 is divided by m?
22
Let x = -21 - -38. Calculate the remainder when (-1 + -8 + 11)*32 is divided by x.
13
Let y(j) = 11*j + 17. What is the remainder when y(9) is divided by 24?
20
Suppose -5*t + t - 60 = 0. Let j = t + 12. Calculate the remainder when 70 is divided by j - (3 - 2) - -22.
16
What is the remainder when 203 is divided by (225 - 242)/(1*2/(-2))?
16
Let d(j) = 2*j**3 + 14*j**2 - 2*j - 9. Calculate the remainder when d(-6) is divided by 13.
10
Suppose -11*u + 9 = -8*u. Suppose -4*f = -4, -2*v - u*f + 77 = -0*v. Calculate the remainder when v is divided by 13.
11
Let v = -691 + 711. What is the remainder when 797 is divided by v?
17
Suppose -786 = -4*k - 2*d, 4*k = -d + 138 + 643. Calculate the remainder when k is divided by 23.
10
Let h(t) = -7*t - 198. Let z = -18 + 39. Calculate the remainder when h(-34) is divided by z.
19
Let f be (0 + 0)*8/(-24). Suppose f = -4*o + 6*o - 30. Calculate the remainder when o is divided by 1*6 + -16 + 14.
3
Suppose r - 26 = 2*c + 32, r + 3*c = 63. Suppose 0 = -4*t + 5*y + 67 + 77, 0 = 3*t + 2*y - 85. What is the remainder when r is divided by t?
29
Suppose 3*s + 0*d - 697 = 2*d, 2*s = -5*d + 471. What is the remainder when s is divided by 9?
8
Suppose 16 = 4*d - 32. Suppose -6*r + 72 = -210. What is the remainder when r is divided by d?
11
Suppose -2*q - 1 = -c + 2, -4*c - 36 = 4*q. What is the remainder when 76 is divided by -13*10/c*1?
24
Suppose -13*u - 131 = 246. Let o = u + 47. What is the remainder when 46 is divided by o?
10
Calculate the remainder when (66/(-55))/((-3)/485) is divided by 5.
4
Suppose 388 - 25 = 11*t. What is the remainder when 94 is divided by t?
28
Suppose 158 + 150 = 22*m. Calculate the remainder when 103 is divided by m.
5
Suppose 0 = 61*g - 65*g + 12. What is the remainder when 43 is divided by g?
1
Let f be (-148)/(-6) + 32/(-48). Suppose -6*c + 75 = 5*n - c, -4*n + 5*c + f = 0. What is the remainder when 62 is divided by n?
7
Let j(f) = -f**2 - 7*f - 10. Let h = 23 - 27. Let r(b) = 5*b**2. What is the remainder when r(-1) is divided by j(h)?
1
What is the remainder when (2*2 - 1241/34)*-2 is divided by 36?
29
Suppose 3*n + 3*w - 67 + 10 = 0, 87 = 5*n + 3*w. What is the remainder when 321 is divided by n?
6
Let q(x) = -2*x**3 + x**2 + 2. Let p be q(0). Suppose -84 = -p*j + 58. What is the remainder when j is divided by 19?
14
Let j(r) = -r**2 + 11*r - 1. Let k = -6 - -14. What is the remainder when j(k) is divided by 5?
3
Let w(b) = 11*b - b - 2 - 1 - b**3 + 6*b**2. Suppose 27 - 167 = -20*h. Calculate the remainder when 35 is divided by w(h).
17
Let c = -403 + 456. What is the remainder when 576 is divided by c?
46
Let i(y) = 25*y - 6. Let p = -13 - -12. Let t(x) = -31*x + 1. Calculate the remainder when i(4) is divided by t(p).
30
Suppose 5*x + 3*i - 320 = 2*i, 5*x = -5*i + 320. Calculate the remainder when x is divided by 36.
28
Suppose 0 = -4*c + x - 0*x + 23, 0 = -4*c - 3*x + 27. Suppose -9*i + 189 = -c*i. Calculate the remainder when i is divided by (-67)/(-5) - 4/10.
11
Suppose 3*y + 203 + 173 = 5*x, -y + 146 = 2*x. Calculate the remainder when 366 is divided by x.
70
Suppose -w + 44 = -5*w. Let c(z) = 6*z**2 + z + 2. Let r be c(-2). Let v = r - w. Calculate the remainder when v is divided by 12.
11
Let o be -12 + (-6)/(4 + -1). Let n(g) = -g**2 - 12*g + 32. Calculate the remainder when 13 + (2 + -2)/(-1) is divided by n(o).
1
Suppose -26 = -0*h - h. What is the remainder when h is divided by 7?
5
Suppose -12*u = -41 - 1795. Calculate the remainder when u is divided by 68.
17
Let m(t) = -t + 2. Let z be m(-4). Let w = z + -4. Suppose -n - 16 = -2*h, 5*h - w*h + 5*n - 37 = 0. Calculate the remainder when 35 is divided by h.
8
Suppose -3*y + 48 = g, 2*y - 18 = g + 3*g. Calculate the remainder when 114 is divided by y.
9
Let d(a) = -a + 7. Let m be d(4). Calculate the remainder when 42/(-35)*(-10)/m is divided by 1.
0
Suppose 7*h - 1 - 13 = 0. Suppose 5*o + 13 = u + 87, -u + 31 = h*o. What is the remainder when 57 is divided by o?
12
Let y = -157 - -97. Let d = -31 - y. What is the remainder when 85 is divided by d?
27
Suppose -l + 8 = -4*j + 31, j = 4*l + 32. Let p(b) = -3*b - 18. Calculate the remainder when 8 is divided by p(l).
2
Let c be -5 + (4 - 1) - -2. Calculate the remainder when -6 + 2 - c - -11 is divided by 3.
1
Let l(f) = -8*f - 21. Let g(y) = -17*y - 41. Let j(r) = -6*g(r) + 13*l(r). What is the remainder when 40 is divided by j(-24)?
19
Suppose 8*w - 41 = 159. Let p = w + -21. What is the remainder when 21 is divided by p?
1
Suppose 2*n - 6 = 0, n - 271 = -0*k - 4*k. Calculate the remainder when k is divided by 29.
9
Let f = 23 - -25. Suppose -5*y + f - 3 = 0. Let x(s) = s**2 + 11*s + 13. What is the remainder when y is divided by x(-10)?
0
Suppose -4 = 4*r - 2*d, 0 = 7*r - 2*r + d + 12. Let m(v) = 3*v**2 - 2*v - 4. What is the remainder when 16 is divided by m(r)?
4
What is the remainder when 119 is divided by (-5)/(-4) + -1 + (-4071)/(-276)?
14
Suppose 5*f - 84*f + 1817 = 0. What is the remainder when 64 is divided by f?
18
Suppose 203 = j - 3*g, -g = 4*j + j - 983. Calculate the remainder when j is divided by 12.
5
Let c = -10 - -19. Let v = 14 - c. Suppose 0 = -v*z, -l - 5*z + 26 = -19. Calculate the remainder when l is divided by 16.
13
Let d = -5766 - -5820. Let r = -18 + 25. What is the remainder when d is divided by r?
5
Let q(i) = 11*i - 381. Suppose -5*v - 3*g = -253, v - g = -0*g + 57. What is the remainder when v is divided by q(36)?
8
Calculate the remainder when (5/5 + 1)*46/4 is divided by (9/(-2))/3*-10.
8
Suppose 5*z = 15, z = -5*n + 24 + 34. Let r(o) = o**3 + 9*o**2 + o - 2. Calculate the remainder when r(-8) is divided by n.
10
Let m(p) = -p**2 - 8*p + 1. Let c(j) = -52*j + 245. Calculate the remainder when c(4) is divided by m(-7).
5
Suppose 4*y - 5*y + i + 85 = 0, 4*y = 3*i + 336. Calculate the remainder when y is divided by 42.
39
Let m = 8 - 2. Suppose 2*t = m*t. Suppose -2*h + j + 14 = t, -5*h + 29 = j - 5*j. What is the remainder when h is divided by 6?
3
Let r = 260 - 246. What is the remainder when r is divided by 5?
4
Let i(s) = -s**3 + 31*s**2 + 62*s + 1. What is the remainder when 58 is divided by i(-2)?
4
Let k = -5 - -25. Suppose -t - 4*t = -k. Suppose t*q - 24 = -0*q. What is the remainder when 20 is divided by q?
2
Let g = -49 - -53. Suppose -3*y - 215 = -g*q, -3*y = -5*q + 139 + 126. Calculate the remainder when q is divided by 18 + -1 + 0/2.
16
Suppose -5*x = 0, -4*m + 25 + 19 = -4*x. What is the remainder when (-85)/(-2) + 9/(-18) is divided by m?
9
Suppose -v = -3, -c = c + v - 67. What is the remainder when c is divided by 12?
8
Let u(c) = -2*c**3 - 45*c**2 + 24*c + 29. Calculate the remainder when 11 is divided by u(-23).
5
Let v be 3/9*-3*28. Suppose 0 = -0*r - 2*r + 68. Calculate the remainder when r is divided by 4/(-14) - 26/v*10.
7
Let z(p) = -p**3 - p**2 + p + 2. Let h = -14 - -23. Let u = 6 - h. What is the remainder when 48 is divided by z(u)?
14
Let b = -1967 - -2035. What is the remainder when b is divided by (-1 - 